{"id":329,"date":"2025-11-05T14:45:16","date_gmt":"2025-11-05T13:45:16","guid":{"rendered":"https:\/\/www.rouchon.louisst.o2switch.site\/blog\/?page_id=329"},"modified":"2025-11-15T09:45:33","modified_gmt":"2025-11-15T08:45:33","slug":"lhorlogerie","status":"publish","type":"page","link":"https:\/\/www.rouchon.louisst.o2switch.site\/blog\/lhorlogerie\/","title":{"rendered":"L\u2019horlogerie \u231a\ufe0f"},"content":{"rendered":"\n<p><strong>L\u2019horlogerie<\/strong> est pour moi un univers \u00e0 part, o\u00f9 se rencontrent <strong>savoir-faire, \u00e9l\u00e9gance et pr\u00e9cision<\/strong>. J\u2019aime le fait qu\u2019une montre soit bien plus qu\u2019un simple instrument pour lire l\u2019heure : c\u2019est un <strong>symbole<\/strong> de <strong>personnalit\u00e9,<\/strong> de <strong>style <\/strong>et parfois m\u00eame<strong> d\u2019h\u00e9ritage.<\/strong><\/p>\n\n\n\n<p>Ce qui m\u2019attire dans l\u2019horlogerie, c\u2019est le travail <strong>minutieux <\/strong>qu\u2019exige chaque pi\u00e8ce. Des centaines de composants sont assembl\u00e9s <strong>\u00e0 la main<\/strong> pour cr\u00e9er un m\u00e9canisme d\u2019une <strong>pr\u00e9cision<\/strong> incroyable. Derri\u00e8re chaque montre, il y a <strong>une histoire, une tradition<\/strong>, et surtout une <strong>passion<\/strong>.<\/p>\n\n\n\n<p>Parmi mes marques pr\u00e9f\u00e9r\u00e9es, <strong>Vacheron Constantin<\/strong> est sans doute celle qui me fascine le plus. C\u2019est l\u2019une des plus anciennes maisons horlog\u00e8res du monde, connue pour ses montres d\u2019une finesse exceptionnelle et son sens du d\u00e9tail. Porter une Vacheron, c\u2019est porter un morceau d\u2019histoire.<\/p>\n\n\n\n<div class=\"wp-block-uagb-image uagb-block-44b6aa2f wp-block-uagb-image--layout-default wp-block-uagb-image--effect-static wp-block-uagb-image--align-none\"><figure class=\"wp-block-uagb-image__figure\"><img decoding=\"async\" srcset=\"https:\/\/www.rouchon.louisst.o2switch.site\/blog\/wp-content\/uploads\/2025\/11\/IMG_0304-1024x576.png ,https:\/\/www.rouchon.louisst.o2switch.site\/blog\/wp-content\/uploads\/2025\/11\/IMG_0304-scaled.png 780w, https:\/\/www.rouchon.louisst.o2switch.site\/blog\/wp-content\/uploads\/2025\/11\/IMG_0304-scaled.png 360w\" sizes=\"auto, (max-width: 480px) 150px\" src=\"https:\/\/www.rouchon.louisst.o2switch.site\/blog\/wp-content\/uploads\/2025\/11\/IMG_0304-1024x576.png\" alt=\"\" class=\"uag-image-393\" width=\"269\" height=\"151\" title=\"IMG_0304\" loading=\"lazy\" role=\"img\"\/><\/figure><\/div>\n\n\n\n<p>J\u2019appr\u00e9cie aussi Rolex, symbole de prestige et de performance. Chaque mod\u00e8le, comme la Submariner, la Daytona ou encore la Deepsea refl\u00e8te une philosophie : celle de la pr\u00e9cision et de la durabilit\u00e9.<\/p>\n\n\n\n<p>Ce que j\u2019aime particuli\u00e8rement, c\u2019est la fa\u00e7on dont Rolex associe tradition et modernit\u00e9, tout en conservant un design reconnaissable entre mille.<\/p>\n\n\n\n<p>L\u2019horlogerie me passionne parce qu\u2019elle relie le temps, la technique et l\u2019\u00e9motion. Comme dans l\u2019automobile, on retrouve cette recherche de perfection et ce souci du d\u00e9tail qui me motivent au quotidien.<\/p>\n\n\n\n<p><\/p>\n\n\n\n<p><\/p>\n","protected":false},"excerpt":{"rendered":"<p>L\u2019horlogerie est pour moi un univers \u00e0 part, o\u00f9 se rencontrent savoir-faire, \u00e9l\u00e9gance et pr\u00e9cision. J\u2019aime le fait qu\u2019une montre [&hellip;]<\/p>\n","protected":false},"author":1,"featured_media":0,"parent":0,"menu_order":0,"comment_status":"closed","ping_status":"closed","template":"","meta":{"_uag_custom_page_level_css":"","site-sidebar-layout":"default","site-content-layout":"","ast-site-content-layout":"default","site-content-style":"default","site-sidebar-style":"default","ast-global-header-display":"","ast-banner-title-visibility":"","ast-main-header-display":"","ast-hfb-above-header-display":"","ast-hfb-below-header-display":"","ast-hfb-mobile-header-display":"","site-post-title":"","ast-breadcrumbs-content":"","ast-featured-img":"","footer-sml-layout":"","theme-transparent-header-meta":"","adv-header-id-meta":"","stick-header-meta":"","header-above-stick-meta":"","header-main-stick-meta":"","header-below-stick-meta":"","astra-migrate-meta-layouts":"default","ast-page-background-enabled":"default","ast-page-background-meta":{"desktop":{"background-color":"var(--ast-global-color-5)","background-image":"","background-repeat":"repeat","background-position":"center center","background-size":"auto","background-attachment":"scroll","background-type":"","background-media":"","overlay-type":"","overlay-color":"","overlay-opacity":"","overlay-gradient":""},"tablet":{"background-color":"","background-image":"","background-repeat":"repeat","background-position":"center center","background-size":"auto","background-attachment":"scroll","background-type":"","background-media":"","overlay-type":"","overlay-color":"","overlay-opacity":"","overlay-gradient":""},"mobile":{"background-color":"","background-image":"","background-repeat":"repeat","background-position":"center center","background-size":"auto","background-attachment":"scroll","background-type":"","background-media":"","overlay-type":"","overlay-color":"","overlay-opacity":"","overlay-gradient":""}},"ast-content-background-meta":{"desktop":{"background-color":"var(--ast-global-color-4)","background-image":"","background-repeat":"repeat","background-position":"center center","background-size":"auto","background-attachment":"scroll","background-type":"","background-media":"","overlay-type":"","overlay-color":"","overlay-opacity":"","overlay-gradient":""},"tablet":{"background-color":"var(--ast-global-color-4)","background-image":"","background-repeat":"repeat","background-position":"center center","background-size":"auto","background-attachment":"scroll","background-type":"","background-media":"","overlay-type":"","overlay-color":"","overlay-opacity":"","overlay-gradient":""},"mobile":{"background-color":"var(--ast-global-color-4)","background-image":"","background-repeat":"repeat","background-position":"center center","background-size":"auto","background-attachment":"scroll","background-type":"","background-media":"","overlay-type":"","overlay-color":"","overlay-opacity":"","overlay-gradient":""}},"footnotes":""},"class_list":["post-329","page","type-page","status-publish","hentry"],"uagb_featured_image_src":{"full":false,"thumbnail":false,"medium":false,"medium_large":false,"large":false,"1536x1536":false,"2048x2048":false},"uagb_author_info":{"display_name":"admin","author_link":"https:\/\/www.rouchon.louisst.o2switch.site\/blog\/author\/admin\/"},"uagb_comment_info":0,"uagb_excerpt":"L\u2019horlogerie est pour moi un univers \u00e0 part, o\u00f9 se rencontrent savoir-faire, \u00e9l\u00e9gance et pr\u00e9cision. J\u2019aime le fait qu\u2019une montre [&hellip;]","_links":{"self":[{"href":"https:\/\/www.rouchon.louisst.o2switch.site\/blog\/wp-json\/wp\/v2\/pages\/329","targetHints":{"allow":["GET"]}}],"collection":[{"href":"https:\/\/www.rouchon.louisst.o2switch.site\/blog\/wp-json\/wp\/v2\/pages"}],"about":[{"href":"https:\/\/www.rouchon.louisst.o2switch.site\/blog\/wp-json\/wp\/v2\/types\/page"}],"author":[{"embeddable":true,"href":"https:\/\/www.rouchon.louisst.o2switch.site\/blog\/wp-json\/wp\/v2\/users\/1"}],"replies":[{"embeddable":true,"href":"https:\/\/www.rouchon.louisst.o2switch.site\/blog\/wp-json\/wp\/v2\/comments?post=329"}],"version-history":[{"count":4,"href":"https:\/\/www.rouchon.louisst.o2switch.site\/blog\/wp-json\/wp\/v2\/pages\/329\/revisions"}],"predecessor-version":[{"id":394,"href":"https:\/\/www.rouchon.louisst.o2switch.site\/blog\/wp-json\/wp\/v2\/pages\/329\/revisions\/394"}],"wp:attachment":[{"href":"https:\/\/www.rouchon.louisst.o2switch.site\/blog\/wp-json\/wp\/v2\/media?parent=329"}],"curies":[{"name":"wp","href":"https:\/\/api.w.org\/{rel}","templated":true}]}}